3. What is the remainder when 24 is divided by l?
6
Let d(j) = 5*j**3 + 54*j**2 - 13*j + 15. Calculate the remainder when d(-11) is divided by 15/(-2)*4/(-3).
7
Suppose -5*m = -2*m + 702. What is the remainder when 101 is divided by (3 - -1)/((-36)/m)?
23
Suppose 2*q = -0*q - 2*g + 274, -2*q - g + 270 = 0. What is the remainder when q is divided by 40?
13
Let i = -1444 + 1599. What is the remainder when i is divided by 48?
11
Let s(u) = -15*u - 120. Calculate the remainder when s(-12) is divided by 31.
29
Suppose -q + 0*q = -18. Suppose 3*d + 12 + 9 = 4*c, 0 = -5*d + c - q. Calculate the remainder when 5 is divided by -1 - 12/(d - 0).
2
Let f = 10 - 25. Let i = f - -29. Let m = 11 - 6. What is the remainder when i is divided by m?
4
Let x be 2 - (-1 + 0 + 3). Let z be (-3)/5 + 126/35. Suppose -2*t - 25 = 3*t, -z*v + t + 44 = x. Calculate the remainder when 38 is divided by v.
12
Suppose 0*g - 3*g + 5*p = -3, 3*g = -2*p + 3. Calculate the remainder when 106 + (2 - 6/3 - g) is divided by 36.
33
What is the remainder when 154 is divided by -135*9*((-33)/(-45))/(-11)?
73
Suppose -52*i - 42 = -58*i. Calculate the remainder when 110 is divided by i.
5
Suppose 0 = j - 49 + 45. Suppose -j*t = -2*k - 3*t + 4, k - 20 = -4*t. Calculate the remainder when 14 is divided by k.
2
Let r(a) = -4*a - 50. Suppose 0 = 5*x + 183 - 538. What is the remainder when x is divided by r(-17)?
17
What is the remainder when -158*(-2 + (-6)/(-4)) is divided by (4 - (-5)/1)*3?
25
Suppose -3*l + 5*l - 46 = 0. Suppose 2*p + n - l = 0, 0*p - 3*p + 37 = 2*n. Calculate the remainder when p is divided by 4.
1
Suppose -2*x = -4*q - 474, -310 = -x + q - 75. Calculate the remainder when x is divided by 79.
75
Suppose w = -s + 53, -s + 1 - 3 = 0. Let a = w - 39. Calculate the remainder when 54 is divided by a.
6
What is the remainder when 42 is divided by (-3)/5 - 8188/(-230)?
7
Let g = -8 - -90. What is the remainder when g is divided by 17?
14
Calculate the remainder when 204 is divided by (52/(-14))/(459/42 + -11).
48
Suppose 11*i - 180 = 150. Suppose -45 = -5*z + i. What is the remainder when 28 is divided by z?
13
Let f(v) = 35*v**2 + 49*v + 440. What is the remainder when f(-8) is divided by 79?
76
Let l = 1040 - 982. What is the remainder when 1217 is divided by l?
57
Let z = 22 + -23. Let w be (2 - z)*(-6)/(-9). What is the remainder when 51 is divided by 6/(-3)*(-13)/w?
12
Let u = -375 - -384. What is the remainder when 111 is divided by u?
3
Suppose 5102 + 470 = 28*v. What is the remainder when v is divided by 25?
24
Suppose -42 = -5*l + 2*x, 46*x - 40*x - 24 = 0. What is the remainder when 274 is divided by l?
4
Let a(w) = -w**3 + 16*w**2 + 21*w - 16. Calculate the remainder when 622 is divided by a(17).
50
Let q = -16 - -18. Suppose -q = -2*s, 4*s = -5*f + 39 + 5. Suppose 6*z - f*z = -68. What is the remainder when 100 is divided by z?
32
Let w(j) = j**3 + 7*j**2 - 10*j - 5. Let g = -18 + 10. Suppose 6*q - 210 = -4*q. Calculate the remainder when q is divided by w(g).
10
Calculate the remainder when 34 is divided by (-3)/(2*(-18)/240).
14
Let v = -778 - -983. What is the remainder when v is divided by 19?
15
Let v be 22*-1*5*2/20. Calculate the remainder when (-5140)/(-44) + 5 + (-2)/v is divided by 25.
22
Let u(i) = 39*i**3 - 2*i**2. Let c be u(-1). Let a = 56 + c. Calculate the remainder when a is divided by (-19)/(-2) + 2/(-4).
6
Suppose -q = -3*q - 10, 2*i + 4*q - 176 = 0. What is the remainder when i is divided by 15?
8
Let k be 5739/12 + -2 - (-10)/(-40). Suppose 17*o - k = 272. What is the remainder when 218 is divided by o?
42
Suppose v - 766 = -4*d, -947 = -5*d + 2*v + 2*v. Calculate the remainder when d is divided by 32.
31
Let a = -170 + 287. What is the remainder when a is divided by 42?
33
Suppose 130 = -0*a + 5*a. Let u = 36 - a. Calculate the remainder when (55 + 3)/(-1)*7/(-14) is divided by u.
9
Let z = 325 - 281. What is the remainder when 348 is divided by z?
40
Calculate the remainder when (-7)/35*-11*10 is divided by 13.
9
Suppose 5*z - p - 206 = 0, 47 = -2*z + 2*p + 123. Let y = -24 + 39. What is the remainder when z is divided by y?
12
Let p = 17 - 15. Suppose -2*u = p*u + 32. Let w(x) = x**2 + 6*x + 4. What is the remainder when 58 is divided by w(u)?
18
Let y = -1275 + 1286. Let w(o) = -o. What is the remainder when y is divided by w(-4)?
3
Let n be 6*((-76)/(-12) + 3). Let k = n + -36. Suppose -3*b + 25 = 4*w, 5*w - 40 = -4*b + 3*w. What is the remainder when k is divided by b?
9
Suppose -30 = 4*v - 7*v. What is the remainder when 23 is divided by v?
3
Let u(s) = -s**2 - 10*s + 22. Let d be u(-11). Let l = d + 7. Calculate the remainder when l is divided by 6.
0
Let f(m) = -3*m + 122. What is the remainder when f(-17) is divided by 25?
23
Let j be 6*-2*7/(-21). Suppose 2*y + 16 = j*y. Calculate the remainder when y is divided by 5.
3
Let q = -2776 + 2817. Calculate the remainder when 80 is divided by q.
39
Let d be (1 + 6 + -1)/2. What is the remainder when d + -2 - -3 - -5 is divided by 4?
1
Let c be 158/7 + (-12)/(-28). Suppose -5*x + 27 = -3*x - j, 0 = -3*x - 2*j + c. Calculate the remainder when 64 is divided by x.
9
Suppose 8*q = -580 - 60. Let f = q + 117. What is the remainder when 73 is divided by f?
36
What is the remainder when ((-9)/(-18))/((-5)/(-410)) is divided by 9?
5
Suppose 6*c - 94 = 3*c + f, -3*c + 104 = f. Let y = 7 + 13. What is the remainder when c is divided by y?
13
Suppose 0 = -0*t + 3*t - 2*d - 132, -5*t = 5*d - 220. Suppose 6*n - 866 = -5*y + 2*n, -4*y + 2*n + 698 = 0. Calculate the remainder when y is divided by t.
42
Suppose -5*o - 16 = 3*p, 2*p = -5*o + 2*o - 9. Let m = 25 + o. What is the remainder when 6 is divided by m/9 + 14/(-63)?
0
Suppose -1 = q - 2*a + 5, 0 = 4*q - 3*a + 24. Let l = q - -13. Suppose -5*m + 102 = -23. What is the remainder when m is divided by l?
4
Let z(g) = 3*g**2 + 3*g - 45. Calculate the remainder when 39 is divided by z(4).
9
Let y = 170 - -93. Suppose 0 = 4*c - y + 55. What is the remainder when 37 is divided by c/5 + 6/(-15)?
7
Let i = 236 + -203. Calculate the remainder when i is divided by 14.
5
Suppose -5*t - 28 + 103 = 3*d, 0 = -5*d - 25. Calculate the remainder when 89 is divided by t.
17
Let r = 122 + -120. Let q be -1*2 - -2 - -3. Suppose 3*n - 1 = c, 5*c + r*n - 55 = -q*n. Calculate the remainder when c is divided by 5.
3
Let p = 60 - 21. Calculate the remainder when 152 is divided by p*-1*(-4 + 1 + 2).
35
Let o = -3 + 43. Let m = -62 + 40. Let k = -8 - m. Calculate the remainder when o is divided by k.
12
Suppose -29*r + 903 = -25. What is the remainder when 442 is divided by r?
26
Suppose 4*y = -4*b + 3*b + 95, -112 = -5*y + b. What is the remainder when 45 is divided by y?
22
Let r = -8 - -11. Suppose 4*z + 3*y - 14 = 4*y, 0 = r*z + 2*y - 5. Suppose -c + 2 = 4*s, z*c = -2*c - s + 48. Calculate the remainder when c is divided by 4.
2
Let x be ((-27)/9)/(3/(-4)). Suppose x*i - 276 = -0*i. Let z = 1 - -23. Calculate the remainder when i is divided by z.
21
Suppose -5*b + 31 = 3*m - b, 2*m - b = 6. Suppose 30 + 20 = m*y. Let c = 41 - 3. What is the remainder when c is divided by y?
8
Suppose 0 = m + 10 - 17. Suppose 2*i = -k + 19, -4*k - 3 = -m*k. Calculate the remainder when 16 is divided by i.
7
Let c(m) = 129*m - 59*m - 56*m + 19 + 4*m**2 - 5*m**2. Suppose -v = -4*d + 60, -5*d - v - 4 = -79. Calculate the remainder when c(d) is divided by 3.
1
Let y(m) = 75*m**3 - 3*m**2 - m + 12. What is the remainder when y(2) is divided by 101?
93
Let x be 0 - -2 - (-4)/2. Suppose x*f + 1 = 13. Suppose 74 = 7*s - 3*s + 2*g, -3*g = f. Calculate the remainder when 55 is divided by s.
17
Let y(j) = -5*j**3 - 11*j**2 - 10*j + 4. Calculate the remainder when 2 + -3*(-68)/6 is divided by y(-2).
16
Suppose 2*p + 3*j - 17 - 28 = 0, 0 = 5*p + 4*j - 109. Calculate the remainder when 77 is divided by p.
14
Let f be (-6)/12 + (-10)/(-4). Let a be 1 + -3 - (-3 - f). Suppose 0*d - a*d + 60 = 0. What is the remainder when 78 is divided by d?
18
Suppose -2*b + k + 113 = 0, b - 4*k - k = 34. Calculate the remainder when b is divided by 14.
3
Let t = -1509 + 1547. Calculate the remainder when 260 is divided by t.
32
Let q(n) = -2*n**3 - n**2 + n + 5. Suppose 2*v - 7*v - 138 = -3*z, -5*v + 108 = 3*z. What